be (7 - (2 + -2))*-6. Let t = 102 + g. List the prime factors of t.
2, 3, 5
Let j(y) = y**3 - 9*y**2 + 11*y - 5. Suppose -3*g - 5*l + 21 = -28, 0 = 4*g - 5*l - 7. List the prime factors of j(g).
19
Let z = -1 - -6. Suppose 0 = m - 2*m + z*t - 1, -3 = 3*m + 4*t. List the prime factors of -1 - (m - (-16)/(-2)).
2
Suppose -1189 = -2*g - 169. List the prime factors of g.
2, 3, 5, 17
Let y be 2 - (0 - 6) - (-3 - -5). Suppose 3*b = -y*b + 1197. What are the prime factors of b?
7, 19
Let d = 2667 + -372. List the prime factors of d.
3, 5, 17
Suppose -181 = -3*x + 5*o, o = -3*x + 74 + 77. List the prime factors of x.
2, 13
Let b(j) = 3*j**2 + 3*j - 1. Let c be b(-2). Suppose 4*n - 17 = -5*v, -5*n + c*v = -29 - 26. List the prime factors of n.
2
Suppose 0*t + 988 = -2*h - t, -2*t = -2*h - 976. What are the prime factors of 8 - 12 - h/2?
2, 11
Let i(z) = -z - 1. Let l be i(-2). Let b(y) be the second derivative of 2*y**3 + y**2/2 + y. List the prime factors of b(l).
13
Let y(m) = m**2 + 15*m + 26. Let p be y(-11). Let v = -12 - p. What are the prime factors of 2/v + 580/60?
2, 5
Suppose 0*p = -p. Suppose p = 5*i - 149 - 171. List the prime factors of i.
2
Let x(o) = -2*o**2 - 26*o - 9. Let s(q) = -3*q**2 - 39*q - 14. Let z(g) = -5*s(g) + 7*x(g). Let p be (-465)/35 + (-6)/(-21). List the prime factors of z(p).
7
Let d(v) = v**2 + 10*v - 14. What are the prime factors of d(-23)?
3, 5, 19
Suppose 2*c = 351 + 2997. What are the prime factors of c?
2, 3, 31
Let a(m) = m**3 + 10*m**2 + 10*m + 5. Let k be a(-9). Let y(j) = -j**3 - 6*j**2 - 6*j - 2. Let g be y(k). Let f(z) = -3*z - 3. List the prime factors of f(g).
3
Suppose n - 3356 - 2438 = -5*y, 0 = 5*n - 20. What are the prime factors of y?
2, 3, 193
Let j(l) = l**2 + 6*l + 3. Let p be j(-5). Let t be -2 + p*(-3 + 4). List the prime factors of (2/(-3))/(t/78).
13
Suppose -2*k = 3*o - 3*k - 19, o + k = 5. Suppose o*q - 436 = 1166. What are the prime factors of q?
3, 89
What are the prime factors of -4*2/(-4) + (-1498)/(-7)?
2, 3
Let u = 10 - 7. Suppose 0 = -u*b - 3*b + 120. List the prime factors of b.
2, 5
Let r(y) = 49*y - 218. List the prime factors of r(19).
23, 31
Let v(r) be the third derivative of -r**4/4 + 4*r**3/3 - 3*r**2. List the prime factors of v(-12).
2, 5
Suppose 15 = 13*v - 8*v. Let f = 9 + -9. Suppose 0 = -3*c - f*c - 4*u + 62, v*c - 3*u - 27 = 0. What are the prime factors of c?
2, 7
Suppose 0 = -13*f + 9*f + 44. Let t = -5 + f. What are the prime factors of 138/(-9)*t/(-4)?
23
Let r = -24 + 29. Suppose -3*j + r*v + 14 = 0, v + 2*v = -j. Suppose j*c - 5*c + 156 = 0. What are the prime factors of c?
2, 3, 13
Suppose 2*z = -0*z + 16. Let l = z - -17. What are the prime factors of l?
5
Suppose -1674 = -3*b - 3*u, 3*b - 1230 = -2*u + 446. What are the prime factors of b?
2, 5, 7
Suppose -5*g + 3308 = t, -51*g = -5*t - 53*g + 16471. What are the prime factors of t?
37, 89
Let b(a) = -18*a**3 + 6*a**2 + 5*a - 7. List the prime factors of b(-5).
2, 37
Let r = -69 - -452. Let x = -133 + r. List the prime factors of x.
2, 5
Let x = -53 + 96. Let y = x + -24. Let u = y + 37. What are the prime factors of u?
2, 7
Let z = 2232 - 352. List the prime factors of z.
2, 5, 47
Let t = 63 - 42. Suppose -t*m + 17*m = -48. Suppose 13*x - m*x = 10. What are the prime factors of x?
2, 5
Let t be (4/(-4))/(1/(-420)). Suppose 3*y = 15*y - t. What are the prime factors of y?
5, 7
Let q(a) = -4*a**3 + 14*a**2 - 51*a - 49. Let b(p) = 3*p**3 - 9*p**2 + 34*p + 33. Let c(m) = -7*b(m) - 5*q(m). List the prime factors of c(-9).
23
Let m(p) = 6*p + 53. Let q be m(-9). Let o be 2/(-3)*(-14 + 2). List the prime factors of (o - q)/((-21)/(-42)).
2, 3
Let j be (-10)/2*(-20 + -3). Let o = j + -26. What are the prime factors of (o + 1)*(-40)/(-50)?
2, 3
Suppose -3*j + 7946 = h, j + 3*h - 2634 = -h. What are the prime factors of j?
2, 5, 53
Let r(h) = 2*h**3 - h**2 - 2*h. Let i be r(-1). List the prime factors of i + 1 + 31 + 2.
3, 11
Let i(u) = u + 1. Let h be i(2). Suppose -g + h*g - 94 = -3*c, 2*g + 8 = 0. What are the prime factors of c?
2, 17
Let q be 4/8 - (3 - (-15)/(-6)). Suppose -1100 = -4*k - q*k. What are the prime factors of k?
5, 11
Suppose -p + 4*s = -4*p + 347, s = -2*p + 233. Suppose 5*u - 562 = -5*t - p, 0 = 4*t - 3*u - 342. Suppose -t + 18 = -3*c. What are the prime factors of c?
23
Let w = 52 + -36. Let r(g) = -2*g - g + 5*g - 6. List the prime factors of r(w).
2, 13
Let m = 157 - 88. Suppose 115 + m = 4*z - s, -4*s = z - 46. List the prime factors of z.
2, 23
What are the prime factors of 8/12 - 5/((-45)/11964)?
2, 5, 7, 19
Let x(d) = -8*d + 5. Let k(p) = -8*p + 6. Let m(b) = -3*k(b) + 2*x(b). Let w be m(6). Let t = -29 + w. List the prime factors of t.
11
Suppose 5*f = 5*y + 35, 4*y + 4 + 0 = -2*f. Suppose -942 = -f*n - 98. List the prime factors of n.
211
Let h be (-3 - -2 - -2)*4. Let q(k) = 21*k + 1. Let z be q(h). Suppose -7*m + 2*m + z = 0. What are the prime factors of m?
17
Suppose 0 = -1487*u + 1491*u - 2084. List the prime factors of u.
521
Let v = 11 + -8. Let z(j) = -3*j**3 + 3*j**2 + 2*j - 1. Let s be z(-1). Suppose 4*o = 2*b - 18, -v*b + 9 = -2*b - s*o. List the prime factors of b.
3
Let n(b) = -19*b**2 - b + 4. Let d(z) = z**2 - z + 1. Let q(f) = 3*d(f) - n(f). Let p be ((-2)/4)/((-2)/(-4)). List the prime factors of q(p).
23
Suppose 1502 + 2196 = 43*o. What are the prime factors of o?
2, 43
Suppose 4*n - 237 = -5. Let b be (-5)/15 - n/(-3). Suppose 0 = 3*d - 2*d - b. List the prime factors of d.
19
Suppose -5*h + 6861 = -3*x, -2*h - 514 = x - 3254. List the prime factors of h.
3, 457
Suppose 0 = 2*s + 4*g - 2772, -14*s = -13*s + 5*g - 1389. What are the prime factors of s?
2, 173
Let s = 8 + 2. Let j be s/3 - (-6)/(-18). List the prime factors of (4/j)/(10/165).
2, 11
Let d be ((-26)/(-2) + -1)*(-11 + 12). Suppose 4*x - 5*z = -d, -4*x + 8*x + 4*z = 24. List the prime factors of x.
2
Let c(g) = -g**2 + 21*g + 22. Let h be c(22). Let s(k) = -k**2 - 2*k + 118. What are the prime factors of s(h)?
2, 59
Let l(u) be the third derivative of -u**5/60 + u**4/3 + 2*u**3 - 9*u**2. What are the prime factors of l(6)?
2, 3
Let n(f) = f**2 - 8*f + 35. Let o be n(14). Let p = 248 - o. List the prime factors of p.
3, 43
Suppose n - 3*i = -268 + 1210, 0 = 4*n + 5*i - 3700. What are the prime factors of n?
2, 3, 5, 31
Let w(s) = 6*s**2 + s**3 + 0*s - s - s + s**2. List the prime factors of w(-6).
2, 3
Let h(p) = p**3 - 8*p**2 + 6*p - 10. Let u be h(7). Let j = 37 + u. What are the prime factors of j?
2, 5
Let k be 0/(-2*(-3)/6). Suppose 0 = -4*n - 4*h, k = -n - n + 5*h + 14. Suppose s + 2*t - 3 = 0, -2*s = n*s - 4*t - 48. List the prime factors of s.
3
Let i(c) = c**2 - 15*c - 13. Let d be i(7). Let o = d - -99. What are the prime factors of o?
2, 3, 5
What are the prime factors of 959 - (-6 - -8 - 4)?
31
Suppose -25 = 4*i + k, -6*k = i - 4*k + 15. Let v = -3 - i. Suppose v*h - 9 = h + s, -3*s = 2*h - 8. What are the prime factors of h?
7
Suppose 0 = -g + 3*g - 2*o, 15 = 5*g - 2*o. Suppose 1007 = g*i + 172. What are the prime factors of i?
167
Let i be 3 + (-72 - (2 - -1)). What are the prime factors of 508/(-3)*108/i?
2, 127
Let q = 172 + -167. Suppose q*y - x = 1099, -x + 1091 = 7*y - 2*y. What are the prime factors of y?
3, 73
Let o(y) = -y - 10. Let g be o(-7). What are the prime factors of -20*(27/12 + g)?
3, 5
Let h = 3 - -1. Let i(z) = 0 - 6*z + 5 - h. List the prime factors of i(-1).
7
Let y(v) = 5*v**3 + 4*v**2 - 7*v + 1. Let r(b) = b**3 - 6*b**2 - b + 9. Let p be r(6). List the prime factors of y(p).
151
Let c = 128 - 19. Suppose -6 = a - 3*a, 2*o - a - c = 0. What are the prime factors of o?
2, 7
Suppose 2*q - 370 = 196. Let o = q - 145. List the prime factors of o.
2, 3, 23
Suppose 2*g = -2*f - 2 - 2, 4 = -2*g - 5*f. What are the prime factors of ((-24)/(-7))/(((-16)/140)/g)?
2, 3, 5
Let t = 1167 + -877. What are the prime factors of t?
2, 5, 29
Let a = -806 - -1566. What are the prime factors of a?
2, 5, 19
Let d be (-11 - 1)*8/(-6)*2. Suppose -z = -174 + d. What are the prime factors of z?
2, 71
Suppose -m - 2*w + 172 = 32, 5*m - w = 700. Suppose h = -2*q + m, q + 80 = 2*q + 3*h. List the prime factors of q.
2, 17
Let q be 4/(-4*3)*-15. Suppose -q*g + 8*g - 558 = 0. Let y = g - 127. What are 